t u be ((-4)/(-8))/1*0. Let r(i) = -11*i + 14*i - i**3 + u + 1 + 1. Calculate r(3).
-16
Let s(c) = -5*c**2 - 43*c + 3. Let u(h) = -31*h**2 - 282*h + 19. Let y(j) = 13*s(j) - 2*u(j). What is y(7)?
-111
Let w be 21/2*(-82)/(-123). Let g(c) = -w + 76*c - 37*c - 42*c. Determine g(-9).
20
Let t(p) be the third derivative of -p**6/120 + p**5/20 - 7*p**4/24 + 2*p**3/3 + 2*p**2 - 14*p + 26. Calculate t(4).
-40
Suppose -1 = 2*k - k. Let q(z) = 101 + 89 - 189 - 10*z. Give q(k).
11
Let m = 410 - 399. Suppose m*w + 42 = -13. Let h(p) = 4*p + 8. Calculate h(w).
-12
Let d(s) = -2*s**2 + 7*s + 2. Let z(r) = 2*r**2 - 17*r - 32. Let h be z(-2). Suppose 10*b - h = 30. Determine d(b).
-2
Let o be (-149)/(-1043)*(2 + -37). Let k(s) = s**3 + 2*s**2 - 5*s + 9. What is k(o)?
-41
Let m(d) = d - 3. Let s(n) = -4*n**2 - 6*n + 6. Let v be s(4). Let i be -2*v/(-4) + -1. Let r = -35 - i. Give m(r).
4
Let r(w) = 4*w + 1 + 5*w - w - 22*w + 10*w. Calculate r(5).
-19
Let t(u) = -u**3 + 4*u**2 - 2*u + 3. Let w(x) = 21 + x**2 - 7*x - 18 + 0*x. Let p be w(7). What is t(p)?
6
Let v = 244 + -255. Let j(z) = -z**3 - 13*z**2 - 25*z - 36. Give j(v).
-3
Let x(h) = -h**2 + 7*h + 12. Let w(c) = c**2 - 9*c - 13. Let i(m) = -4*w(m) - 5*x(m). What is i(-4)?
4
Let t be 2/((-2 - -3) + ((-495)/(-39))/(-15)). Let f(y) = -24*y + 301. What is f(t)?
-11
Let u(i) = -i - 3. Let q be (-12)/(3 + 1) - 57. Let c = 54 + q. Let f be 3*-1 - (c + -2). Determine u(f).
-8
Suppose -306*u - 1341 = -157*u. Let l(c) = c**3 + 9*c**2 + c + 6. Give l(u).
-3
Suppose -n - 2*n + 9 = 0. Let x(h) be the second derivative of h**5/10 - h**4/3 + h**2 - 24922*h. Calculate x(n).
20
Let v be ((-7)/14)/(1/(-2)). Suppose -3*u + v = -14. Let p(h) = 4*h - u - 29*h**3 + 3*h**2 + 0*h + 3*h**2 + 30*h**3. Calculate p(-5).
0
Let k(s) be the second derivative of s**5/20 - s**4/3 - s**3/6 + 3*s**2/2 + 2*s. Let f be 168/(((-95)/(-10))/19). Suppose -344*t + f*t = -24. What is k(t)?
-9
Let p(l) = -l**3 + 8*l**2 - 8*l + 10. Let j(h) = h - 16. Suppose -4*m - 22 = 3*g, -g - 5*m = 3*g + 29. Let k be (-3)/g + 135/6. Let y be j(k). Determine p(y).
3
Let a(l) = l**2 - 14*l - 65. Let h be a(-4). Let g(q) = -2*q + 3*q + h - 40 + 18 - 6*q. Give g(-4).
5
Let b be -1*(-2)/(-6)*(2 + -116). Suppose r + b = -53. Let f = 93 + r. Let d(c) = 3*c - 1. Calculate d(f).
5
Suppose -7*n + 364 = -3*n. Let q(i) = -4*i - n + 49 + 57. Calculate q(11).
-29
Let d(q) = -q**3 + 10*q**2 - 13*q + 14. Let c(p) = -2*p**2 + 124*p + 679. Let v be c(67). Determine d(v).
-22
Let m(r) = -7*r**3 - 28*r**2 - r. Let d be m(-4). Let q(w) = 4*w + 7 - 1 - 5*w. Determine q(d).
2
Let h(x) = -23 + 69 - 3167*x + 6349*x - 3181*x. Give h(-48).
-2
Let k(p) be the second derivative of p**4/12 + p**3/3 + 13*p**2 + 31*p. Let z(w) be the first derivative of k(w). Determine z(2).
6
Let j(g) = 3*g**3 + 6*g**2 + g + 2. Let p = -9 + 7. Let q(y) = 4*y**3 + 5*y**2 + y + 2. Let n(t) = p*q(t) + 3*j(t). Let u = 1072 - 1080. Determine n(u).
-6
Suppose 5*m = 3*z - 8, 4*z - z - 3*m = 0. Suppose -n + 2 = -0*n. Let a(q) = 29*q**2 + 2*q + 2*q + q - q + 2 - 28*q**n. Calculate a(z).
2
Let r(t) = -t - 2. Let b(m) = m**3 + 24*m**2 + 94*m - 31. Let d be b(-19). Give r(d).
10
Let i(o) = -5*o**2 + 10*o + 3. Let d(l) be the third derivative of -2*l**5/15 + 19*l**4/24 + l**3 - 133*l**2 + 1. Let f(t) = 3*d(t) - 5*i(t). Calculate f(-8).
11
Let w(f) = -f**3 + 9*f**2 - 8*f + 2. Let d = 345 + -279. Let i = 74 - d. Calculate w(i).
2
Let h be (15 - 0)*67/201. Let i(r) be the second derivative of -1/20*r**h + 2*r**2 + 0 + 6*r + 1/3*r**4 - 1/6*r**3. Calculate i(3).
10
Let m(k) = -k**3 + 4*k**2. Let n be m(4). Let q(x) = 539*x**3 - 11*x**2 + 2*x - 7. Let a(z) = 202*z**3 - 4*z**2 + z - 2. Let h(w) = 8*a(w) - 3*q(w). Give h(n).
5
Suppose 410 - 494 = -6*m. Let b(v) = v - 13. Calculate b(m).
1
Let h(f) = 77*f**3 + 64*f**3 + 68*f**3 - 212*f**3 - 3*f**2. Determine h(-2).
12
Let u(l) be the first derivative of l**4/6 + l**3 + 2*l**2 - l + 41. Let w(v) be the first derivative of u(v). What is w(-4)?
12
Let t(k) = k - 76 + 140 - 173 - 4*k. Give t(-37).
2
Suppose 0 = -2*d - 11*j + 7*j + 40, -4*j = 3*d - 74. Let a(o) = -2*o**3 + 68*o**2 - 8. Determine a(d).
-8
Let h(d) = 4*d**2 + 11*d + 1. Suppose 31 = 10*n + 61. Let r be (5/3)/(4/12). Let x(c) = 7*c**2 + 21*c + 1. Let p(z) = n*x(z) + r*h(z). Give p(-7).
9
Suppose 10*m = 9*m - 2*z + 10, -1 = -z. Let k(q) = -q + 3. Calculate k(m).
-5
Let b(h) be the first derivative of h**4/6 + h**3 - 3*h**2/2 - 4*h - 4. Let x(d) be the first derivative of b(d). Let g be (10/4)/(11 + (-345)/30). Give x(g).
17
Let d(o) = 2*o**3 - o**2 + o + 2. Let f = -26117 - -26117. Determine d(f).
2
Let s(c) = -2*c**3 - 36*c**2 - c - 12. Let w(v) = 27*v + 1062. Let k be w(-40). What is s(k)?
6
Let l(p) = p**2 + 7*p - 27. Let i be (-3)/(0/(-3) - (2/6)/(-1)). What is l(i)?
-9
Let v(n) be the third derivative of -n**6/120 - 4*n**5/15 + 13*n**4/24 + n**3/2 + 3425*n**2. Calculate v(-17).
71
Suppose d + 11*b = 9*b + 4, 0 = d + 5*b + 5. Let a(n) = n**3 - 8*n**2 - 21*n - 5. Determine a(d).
-15
Let b = -246 - -249. Let p(i) = -i**2 + 4*i. Let u(s) = -s**2 + 4*s - 1. Let k(a) = b*u(a) - 2*p(a). Give k(6).
-15
Let m(s) = 20*s + 35 - 4*s - 10*s - 14*s. Determine m(5).
-5
Let w be -36 + 96/(-6) + 34. Let l(x) = 2*x**2 + 40*x + 65. What is l(w)?
-7
Suppose -g + 24 = 26. Let c(f) = -1. Let x(v) = 2*v - 3. Let s be ((-2)/(-4) - 0)*2. Let t(q) = g*c(q) + s*x(q). What is t(2)?
3
Let w be (-7)/1 - 2 - -1. Let a(y) = 10*y - 1. Let x(n) = -21*n - 1. Let c(h) = 4*a(h) + 2*x(h). What is c(w)?
10
Let t(g) = 79*g**2 - 3*g - 22. Let c(h) = -277*h**2 + 10*h + 68. Let q(d) = -2*c(d) - 7*t(d). Determine q(8).
90
Let m(b) = 9*b**2 - 6*b - 5. Suppose -58*t - 2 = -15*t + 170. What is m(t)?
163
Let d(p) = -2*p**2 - 2. Suppose -64*k + 56 = -72*k. Let c(b) = 2*b**3 + 15*b**2 + 10*b + 23. Let h be c(k). What is d(h)?
-10
Let a(l) = -6*l**2 - 4*l + 26. Let z(w) = -w**2 + 8. Let g(x) = a(x) - 4*z(x). Determine g(0).
-6
Let t(m) = -3 - 4 + 383*m**2 - 6 - 382*m**2. Let q be t(-3). Let h(y) = -3*y - 3. Determine h(q).
9
Let p(v) = -296273*v - 8 - 46 - v**2 + 296248*v. Calculate p(-23).
-8
Let f(j) = j**3 + 3*j**2 - 4. Let o = 374 + -379. Let w be 0 - (1 + (-25)/o + -3). Determine f(w).
-4
Let o be ((0/2)/(2 - 3))/2. Suppose o = -9*t + 6*t + 3. Let s(m) = m - 1. Let j(f) = -f**2 - 8*f + 11. Let q(d) = t*j(d) + 2*s(d). Calculate q(-8).
-7
Let f = -2696 - -2703. Let l(q) = -4*q + 14. Determine l(f).
-14
Let a(t) be the second derivative of t**5/60 - 5*t**4/24 - 16*t**3/3 + 16*t + 3. Let h(n) be the second derivative of a(n). Let p = 32 - 28. What is h(p)?
3
Let f = -89 + 90. Let r(g) = f + 2*g - 2*g + 3*g - 2 - g. Determine r(3).
5
Let j(t) be the third derivative of -4*t**2 - 1/6*t**3 + 7/60*t**5 + 7*t + 1/24*t**4 + 0 - 1/120*t**6. Calculate j(7).
6
Let n(z) = 3*z + 174. Let y(u) = -5*u - 305. Let i(a) = 7*n(a) + 4*y(a). Determine i(-11).
-13
Let d be 23/((-3910)/(-1510)) + (2 - 32/17). Let p(h) = -h**3 + 9*h**2 + 3*h - 21. What is p(d)?
6
Let h(g) be the third derivative of g**6/120 - 11*g**5/60 - 5*g**4/8 + g**3/6 + g**2 - 328*g. Determine h(12).
-35
Let o be (-526)/9731 + (-1215)/111. Let y(w) = 25*w + 287. Calculate y(o).
12
Let t = -19319 + 19315. Let i(f) = -2*f**3 - 3*f**2 + 16*f - 13. What is i(t)?
3
Suppose -5*x - 89 - 91 = 0. Let l = x - -61. Let g(j) = -26 + 4*j - l + 52. Give g(3).
13
Let z(v) = 158*v - 108. Let n(r) = 68*r - 53. Let a(o) = 7*n(o) - 3*z(o). Determine a(-14).
-75
Let t(y) = -76*y**2 - 69*y**2 - 60*y**2 - 10*y - 66*y**2 + 273*y**2 - 66. What is t(-4)?
6
Let w(s) = 11*s + 52. Let q(h) = 4*h + 57. Let k(c) = -6*q(c) + 5*w(c). Calculate k(3).
11
Let m be -2*(-34)/(-4) - 1*(-3 + -4). Let s(a) = -7*a**2 - 71*a. What is s(m)?
10
Let j(d) = 6*d + 34. Let w = -2265 - -2258. Determine j(w).
-8
Suppose p + 292 = 294. Let t(g) = 27 - 19 + g**p + 3*g + 4*g**2 - 10*g**2 + 4*g**2. Suppose 3*k - 5 = 2*l + 13, -l = -5*k + 30. Calculate t(k).
-10
Let k be (-124)/(-20) - 4/20. Let n be (-6)/(-1) - (-2 + k). Let x(c) = -3*c - 2 + 11*c**2 - c**2 - c**n - 10*c**2. What is x(-2)?
0
Let o(i) = 3*i**2 - 5*i + 7. Let d be o(1). Let c(q) = 16*q - 35. Determine c(d).
45
Let d(o) = 5*o + 10. Suppose 107*r - 110*r + 2*y = -1305, 4*r - 1735 = y. Let t = r - 439. 